[INFO] fetching crate mockiato-codegen 0.9.5...
[INFO] checking mockiato-codegen-0.9.5 against master#cfbc6d4cf1acbac5c025acf8ed68929caa551df3 for pr-75494-beta
[INFO] extracting crate mockiato-codegen 0.9.5 into /workspace/builds/worker-3/source
[INFO] validating manifest of crates.io crate mockiato-codegen 0.9.5 on toolchain cfbc6d4cf1acbac5c025acf8ed68929caa551df3
[INFO] running `Command { std: "/workspace/cargo-home/bin/cargo" "+cfbc6d4cf1acbac5c025acf8ed68929caa551df3" "read-manifest" "--manifest-path" "Cargo.toml", kill_on_drop: false }`
[INFO] started tweaking crates.io crate mockiato-codegen 0.9.5
[INFO] finished tweaking crates.io crate mockiato-codegen 0.9.5
[INFO] tweaked toml for crates.io crate mockiato-codegen 0.9.5 written to /workspace/builds/worker-3/source/Cargo.toml
[INFO] running `Command { std: "/workspace/cargo-home/bin/cargo" "+cfbc6d4cf1acbac5c025acf8ed68929caa551df3" "generate-lockfile" "--manifest-path" "Cargo.toml" "-Zno-index-update", kill_on_drop: false }`
[INFO] [stderr]     Blocking waiting for file lock on package cache
[INFO] running `Command { std: "/workspace/cargo-home/bin/cargo" "+cfbc6d4cf1acbac5c025acf8ed68929caa551df3" "fetch" "--locked" "--manifest-path" "Cargo.toml", kill_on_drop: false }`
[INFO] running `Command { std: "docker" "create" "-v" "/var/lib/crater-agent-workspace/builds/worker-3/target:/opt/rustwide/target:rw,Z" "-v" "/var/lib/crater-agent-workspace/builds/worker-3/source:/opt/rustwide/workdir:ro,Z" "-v" "/var/lib/crater-agent-workspace/cargo-home:/opt/rustwide/cargo-home:ro,Z" "-v" "/var/lib/crater-agent-workspace/rustup-home:/opt/rustwide/rustup-home:ro,Z" "-e" "SOURCE_DIR=/opt/rustwide/workdir" "-e" "CARGO_TARGET_DIR=/opt/rustwide/target" "-e" "CARGO_HOME=/opt/rustwide/cargo-home" "-e" "RUSTUP_HOME=/opt/rustwide/rustup-home" "-w" "/opt/rustwide/workdir" "-m" "1610612736" "--user" "0:0" "--network" "none" "rustops/crates-build-env@sha256:a636fd89d022f18117e1dc8fb37a0a009933cdbbe082814857f0e2024962d47c" "/opt/rustwide/cargo-home/bin/cargo" "+cfbc6d4cf1acbac5c025acf8ed68929caa551df3" "metadata" "--no-deps" "--format-version=1", kill_on_drop: false }`
[INFO] [stdout] 791d593fb5f034f21508417847720ce56aedd967813da2cb078f97c523ebff2c
[INFO] [stderr] WARNING: Your kernel does not support swap limit capabilities or the cgroup is not mounted. Memory limited without swap.
[INFO] running `Command { std: "docker" "start" "-a" "791d593fb5f034f21508417847720ce56aedd967813da2cb078f97c523ebff2c", kill_on_drop: false }`
[INFO] running `Command { std: "docker" "inspect" "791d593fb5f034f21508417847720ce56aedd967813da2cb078f97c523ebff2c", kill_on_drop: false }`
[INFO] running `Command { std: "docker" "rm" "-f" "791d593fb5f034f21508417847720ce56aedd967813da2cb078f97c523ebff2c", kill_on_drop: false }`
[INFO] [stdout] 791d593fb5f034f21508417847720ce56aedd967813da2cb078f97c523ebff2c
[INFO] running `Command { std: "docker" "create" "-v" "/var/lib/crater-agent-workspace/builds/worker-3/target:/opt/rustwide/target:rw,Z" "-v" "/var/lib/crater-agent-workspace/builds/worker-3/source:/opt/rustwide/workdir:ro,Z" "-v" "/var/lib/crater-agent-workspace/cargo-home:/opt/rustwide/cargo-home:ro,Z" "-v" "/var/lib/crater-agent-workspace/rustup-home:/opt/rustwide/rustup-home:ro,Z" "-e" "SOURCE_DIR=/opt/rustwide/workdir" "-e" "CARGO_TARGET_DIR=/opt/rustwide/target" "-e" "CARGO_INCREMENTAL=0" "-e" "RUST_BACKTRACE=full" "-e" "RUSTFLAGS=--cap-lints=forbid" "-e" "CARGO_HOME=/opt/rustwide/cargo-home" "-e" "RUSTUP_HOME=/opt/rustwide/rustup-home" "-w" "/opt/rustwide/workdir" "-m" "1610612736" "--user" "0:0" "--network" "none" "rustops/crates-build-env@sha256:a636fd89d022f18117e1dc8fb37a0a009933cdbbe082814857f0e2024962d47c" "/opt/rustwide/cargo-home/bin/cargo" "+cfbc6d4cf1acbac5c025acf8ed68929caa551df3" "check" "--frozen" "--all" "--all-targets" "--message-format=json", kill_on_drop: false }`
[INFO] [stdout] d3186ba6b368839203373ad7c26f2bdeebb22f94309d623deccb2395102e3197
[INFO] [stderr] WARNING: Your kernel does not support swap limit capabilities or the cgroup is not mounted. Memory limited without swap.
[INFO] running `Command { std: "docker" "start" "-a" "d3186ba6b368839203373ad7c26f2bdeebb22f94309d623deccb2395102e3197", kill_on_drop: false }`
[INFO] [stderr]     Blocking waiting for file lock on package cache
[INFO] [stderr]    Compiling proc-macro2 v1.0.19
[INFO] [stderr]    Compiling syn v1.0.39
[INFO] [stderr]     Checking heck v0.3.1
[INFO] [stderr]    Compiling mockiato-codegen v0.9.5 (/opt/rustwide/workdir)
[INFO] [stderr]     Checking quote v1.0.7
[INFO] [stdout] error[E0433]: failed to resolve: use of undeclared type or module `mockiato`
[INFO] [stdout]   --> src/code_generator.rs:13:18
[INFO] [stdout]    |
[INFO] [stdout] 13 | #[cfg_attr(test, mockiato::mockable)]
[INFO] [stdout]    |                  ^^^^^^^^ use of undeclared type or module `mockiato`
[INFO] [stdout] 
[INFO] [stdout] 
[INFO] [stdout] error[E0433]: failed to resolve: use of undeclared type or module `mockiato`
[INFO] [stdout]   --> src/parse/mockable_attr.rs:32:18
[INFO] [stdout]    |
[INFO] [stdout] 32 | #[cfg_attr(test, mockiato::mockable)]
[INFO] [stdout]    |                  ^^^^^^^^ use of undeclared type or module `mockiato`
[INFO] [stdout] 
[INFO] [stdout] 
[INFO] [stdout] error[E0433]: failed to resolve: use of undeclared type or module `mockiato`
[INFO] [stdout]   --> src/parse/trait_decl.rs:22:18
[INFO] [stdout]    |
[INFO] [stdout] 22 | #[cfg_attr(test, mockiato::mockable)]
[INFO] [stdout]    |                  ^^^^^^^^ use of undeclared type or module `mockiato`
[INFO] [stdout] 
[INFO] [stdout] 
[INFO] [stderr] error: could not compile `mockiato-codegen`.
[INFO] [stdout] error: unused extern crate
[INFO] [stdout]   --> src/lib.rs:18:1
[INFO] [stdout]    |
[INFO] [stdout] 18 | extern crate proc_macro;
[INFO] [stdout]    | ^^^^^^^^^^^^^^^^^^^^^^^^ help: remove it
[INFO] [stdout]    |
[INFO] [stdout] note: the lint level is defined here
[INFO] [stdout]   --> src/lib.rs:7:5
[INFO] [stdout]    |
[INFO] [stdout] 7  |     rust_2018_idioms,
[INFO] [stdout]    |     ^^^^^^^^^^^^^^^^
[INFO] [stdout]    = note: `#[deny(unused_extern_crates)]` implied by `#[deny(rust_2018_idioms)]`
[INFO] [stdout] 
[INFO] [stdout] 
[INFO] [stderr] 
[INFO] [stdout] error: aborting due to previous error
[INFO] [stdout] 
[INFO] [stdout] 
[INFO] [stderr] To learn more, run the command again with --verbose.
[INFO] [stderr] warning: build failed, waiting for other jobs to finish...
[INFO] [stdout] error: unused extern crate
[INFO] [stdout]   --> src/lib.rs:18:1
[INFO] [stdout]    |
[INFO] [stdout] 18 | extern crate proc_macro;
[INFO] [stdout]    | ^^^^^^^^^^^^^^^^^^^^^^^^ help: remove it
[INFO] [stdout]    |
[INFO] [stdout] note: the lint level is defined here
[INFO] [stdout]   --> src/lib.rs:7:5
[INFO] [stdout]    |
[INFO] [stdout] 7  |     rust_2018_idioms,
[INFO] [stdout]    |     ^^^^^^^^^^^^^^^^
[INFO] [stdout]    = note: `#[deny(unused_extern_crates)]` implied by `#[deny(rust_2018_idioms)]`
[INFO] [stdout] 
[INFO] [stdout] 
[INFO] [stdout] error: aborting due to 4 previous errors
[INFO] [stdout] 
[INFO] [stdout] 
[INFO] [stdout] For more information about this error, try `rustc --explain E0433`.
[INFO] [stdout] 
[INFO] [stderr] error: build failed
[INFO] running `Command { std: "docker" "inspect" "d3186ba6b368839203373ad7c26f2bdeebb22f94309d623deccb2395102e3197", kill_on_drop: false }`
[INFO] running `Command { std: "docker" "rm" "-f" "d3186ba6b368839203373ad7c26f2bdeebb22f94309d623deccb2395102e3197", kill_on_drop: false }`
[INFO] [stdout] d3186ba6b368839203373ad7c26f2bdeebb22f94309d623deccb2395102e3197
